{"id":1159,"date":"2024-11-05T14:01:47","date_gmt":"2024-11-05T19:01:47","guid":{"rendered":"https:\/\/jaimarstore.com\/?page_id=1159"},"modified":"2026-02-03T23:54:20","modified_gmt":"2026-02-04T04:54:20","slug":"jewelry-pets","status":"publish","type":"page","link":"https:\/\/jaimarstore.com\/?page_id=1159","title":{"rendered":"Jewelry Pets"},"content":{"rendered":"\n<div class=\"wp-block-media-text has-media-on-the-right is-stacked-on-mobile is-vertically-aligned-top\"><div class=\"wp-block-media-text__content\">\n<div class=\"wp-block-uagb-info-box uagb-block-ea9944f4 uagb-infobox__content-wrap  uagb-infobox-icon-above-title uagb-infobox-image-valign-top\"><div class=\"uagb-ifb-content\"><div class=\"uagb-ifb-icon-wrap\"><svg xmlns=\"https:\/\/www.w3.org\/2000\/svg\" viewBox=\"0 0 512 512\"><path d=\"M0 256C0 114.6 114.6 0 256 0C397.4 0 512 114.6 512 256C512 397.4 397.4 512 256 512C114.6 512 0 397.4 0 256zM371.8 211.8C382.7 200.9 382.7 183.1 371.8 172.2C360.9 161.3 343.1 161.3 332.2 172.2L224 280.4L179.8 236.2C168.9 225.3 151.1 225.3 140.2 236.2C129.3 247.1 129.3 264.9 140.2 275.8L204.2 339.8C215.1 350.7 232.9 350.7 243.8 339.8L371.8 211.8z\"><\/path><\/svg><\/div><div class=\"uagb-ifb-title-wrap\"><h3 class=\"uagb-ifb-title\">Estilo que protege, calidad que brilla<\/h3><\/div><p class=\"uagb-ifb-desc\">Plaquitas grabadas con amor y durabilidad. La combinaci\u00f3n perfecta entre accesorio de lujo y protecci\u00f3n vital.<\/p><\/div><\/div>\n\n\n\n<p><\/p>\n\n\n\n<div class=\"wp-block-uagb-buttons uagb-buttons__outer-wrap uagb-btn__default-btn uagb-btn-tablet__default-btn uagb-btn-mobile__default-btn uagb-block-efd3fbf3\"><div class=\"uagb-buttons__wrap uagb-buttons-layout-wrap \"><\/div><\/div>\n<\/div><figure class=\"wp-block-media-text__media\"><img loading=\"lazy\" decoding=\"async\" width=\"840\" height=\"540\" src=\"https:\/\/jaimarstore.com\/wp-content\/uploads\/2026\/02\/IMG_20230722_112006_349.jpg\" alt=\"\" class=\"wp-image-1684 size-full\" srcset=\"https:\/\/jaimarstore.com\/wp-content\/uploads\/2026\/02\/IMG_20230722_112006_349.jpg 840w, https:\/\/jaimarstore.com\/wp-content\/uploads\/2026\/02\/IMG_20230722_112006_349-300x193.jpg 300w, https:\/\/jaimarstore.com\/wp-content\/uploads\/2026\/02\/IMG_20230722_112006_349-768x494.jpg 768w, https:\/\/jaimarstore.com\/wp-content\/uploads\/2026\/02\/IMG_20230722_112006_349-240x154.jpg 240w\" sizes=\"auto, (max-width: 840px) 100vw, 840px\" \/><\/figure><\/div>\n\n\n\n<div class=\"wp-block-media-text is-stacked-on-mobile is-vertically-aligned-top\"><figure class=\"wp-block-media-text__media\"><img loading=\"lazy\" decoding=\"async\" width=\"690\" height=\"1024\" src=\"https:\/\/jaimarstore.com\/wp-content\/uploads\/2026\/02\/IMG-20230727-WA0007-e1770179622681-690x1024.jpg\" alt=\"\" class=\"wp-image-1680 size-full\" srcset=\"https:\/\/jaimarstore.com\/wp-content\/uploads\/2026\/02\/IMG-20230727-WA0007-e1770179622681-690x1024.jpg 690w, https:\/\/jaimarstore.com\/wp-content\/uploads\/2026\/02\/IMG-20230727-WA0007-e1770179622681-202x300.jpg 202w, https:\/\/jaimarstore.com\/wp-content\/uploads\/2026\/02\/IMG-20230727-WA0007-e1770179622681-240x356.jpg 240w, https:\/\/jaimarstore.com\/wp-content\/uploads\/2026\/02\/IMG-20230727-WA0007-e1770179622681.jpg 717w\" sizes=\"auto, (max-width: 690px) 100vw, 690px\" \/><\/figure><div class=\"wp-block-media-text__content\">\n<p><\/p>\n\n\n\n<div class=\"wp-block-uagb-info-box uagb-block-ee708a71 uagb-infobox__content-wrap  uagb-infobox-icon-above-title uagb-infobox-image-valign-top\"><div class=\"uagb-ifb-content\"><div class=\"uagb-ifb-icon-wrap\"><svg xmlns=\"https:\/\/www.w3.org\/2000\/svg\" viewBox=\"0 0 512 512\"><path d=\"M0 256C0 114.6 114.6 0 256 0C397.4 0 512 114.6 512 256C512 397.4 397.4 512 256 512C114.6 512 0 397.4 0 256zM371.8 211.8C382.7 200.9 382.7 183.1 371.8 172.2C360.9 161.3 343.1 161.3 332.2 172.2L224 280.4L179.8 236.2C168.9 225.3 151.1 225.3 140.2 236.2C129.3 247.1 129.3 264.9 140.2 275.8L204.2 339.8C215.1 350.7 232.9 350.7 243.8 339.8L371.8 211.8z\"><\/path><\/svg><\/div><div class=\"uagb-ifb-title-wrap\"><h3 class=\"uagb-ifb-title\">Porque su nombre es su identidad<\/h3><\/div><p class=\"uagb-ifb-desc\">Todas las mascotas necesitan una plaquita de identificaci\u00f3n. Identif\u00edcalo con el estilo \u00fanico que solo Jewelry Pets te ofrece.<\/p><\/div><\/div>\n<\/div><\/div>\n\n\n\n<div class=\"wp-block-media-text has-media-on-the-right is-stacked-on-mobile is-vertically-aligned-top\"><div class=\"wp-block-media-text__content\">\n<div class=\"wp-block-uagb-info-box uagb-block-aa987db1 uagb-infobox__content-wrap  uagb-infobox-icon-above-title uagb-infobox-image-valign-top\"><div class=\"uagb-ifb-content\"><div class=\"uagb-ifb-icon-wrap\"><svg xmlns=\"https:\/\/www.w3.org\/2000\/svg\" viewBox=\"0 0 512 512\"><path d=\"M0 256C0 114.6 114.6 0 256 0C397.4 0 512 114.6 512 256C512 397.4 397.4 512 256 512C114.6 512 0 397.4 0 256zM371.8 211.8C382.7 200.9 382.7 183.1 371.8 172.2C360.9 161.3 343.1 161.3 332.2 172.2L224 280.4L179.8 236.2C168.9 225.3 151.1 225.3 140.2 236.2C129.3 247.1 129.3 264.9 140.2 275.8L204.2 339.8C215.1 350.7 232.9 350.7 243.8 339.8L371.8 211.8z\"><\/path><\/svg><\/div><div class=\"uagb-ifb-title-wrap\"><h3 class=\"uagb-ifb-title\">El mejor regalo es su seguridad<\/h3><\/div><p class=\"uagb-ifb-desc\">La placa de identificaci\u00f3n es un elemento fundamental para salvar la vida de tu mascota. No dejes su regreso a casa al azar.<\/p><\/div><\/div>\n<\/div><figure class=\"wp-block-media-text__media\"><img loading=\"lazy\" decoding=\"async\" width=\"488\" height=\"1024\" src=\"https:\/\/jaimarstore.com\/wp-content\/uploads\/2026\/02\/IMG_20230722_112001_403-1-488x1024.jpg\" alt=\"\" class=\"wp-image-1683 size-full\" srcset=\"https:\/\/jaimarstore.com\/wp-content\/uploads\/2026\/02\/IMG_20230722_112001_403-1-488x1024.jpg 488w, https:\/\/jaimarstore.com\/wp-content\/uploads\/2026\/02\/IMG_20230722_112001_403-1-143x300.jpg 143w, https:\/\/jaimarstore.com\/wp-content\/uploads\/2026\/02\/IMG_20230722_112001_403-1-240x504.jpg 240w, https:\/\/jaimarstore.com\/wp-content\/uploads\/2026\/02\/IMG_20230722_112001_403-1.jpg 526w\" sizes=\"auto, (max-width: 488px) 100vw, 488px\" \/><\/figure><\/div>\n\n\n\n<div class=\"wp-block-group is-layout-constrained wp-block-group-is-layout-constrained\"><\/div>\n\n\n\n<div class=\"wp-block-uagb-container uagb-block-191a225b alignfull uagb-is-root-container\"><div class=\"uagb-container-inner-blocks-wrap\">\n<div class=\"wp-block-uagb-container uagb-block-b36d6799\">\n<div class=\"wp-block-uagb-container uagb-block-d9fbe16d\">\n<figure class=\"wp-block-gallery has-nested-images columns-default is-cropped wp-block-gallery-1 is-layout-flex wp-block-gallery-is-layout-flex\">\n<figure class=\"wp-block-image size-large\"><img loading=\"lazy\" decoding=\"async\" width=\"576\" height=\"1024\" data-id=\"1248\" src=\"https:\/\/jaimarstore.com\/wp-content\/uploads\/2024\/11\/IMG_20230730_211344_689-576x1024.jpg\" alt=\"\" class=\"wp-image-1248\" srcset=\"https:\/\/jaimarstore.com\/wp-content\/uploads\/2024\/11\/IMG_20230730_211344_689-576x1024.jpg 576w, https:\/\/jaimarstore.com\/wp-content\/uploads\/2024\/11\/IMG_20230730_211344_689-240x427.jpg 240w, https:\/\/jaimarstore.com\/wp-content\/uploads\/2024\/11\/IMG_20230730_211344_689-169x300.jpg 169w, https:\/\/jaimarstore.com\/wp-content\/uploads\/2024\/11\/IMG_20230730_211344_689.jpg 720w\" sizes=\"auto, (max-width: 576px) 100vw, 576px\" \/><\/figure>\n<\/figure>\n<\/div>\n<\/div>\n\n\n\n<div class=\"wp-block-uagb-container uagb-block-f7a51c3e\">\n<div class=\"wp-block-uagb-container uagb-block-1a952b94\"><div class=\"woocommerce columns-4 \"><ul class=\"products columns-4\">\n<li class=\"desktop-align-center tablet-align-left mobile-align-left product type-product post-1376 status-publish first onbackorder product_cat-art-and-design product_cat-jewelry-pets product_cat-plaquitas has-post-thumbnail purchasable product-type-variable has-default-attributes\">\n\t<a href=\"https:\/\/jaimarstore.com\/?product=plaquita-de-acrilico-en-forma-de-minnie\" class=\"woocommerce-LoopProduct-link woocommerce-loop-product__link\"><img loading=\"lazy\" decoding=\"async\" width=\"540\" height=\"540\" src=\"https:\/\/jaimarstore.com\/wp-content\/uploads\/2024\/11\/JPMesa-de-trabajo-2@3x.png\" class=\"attachment-woocommerce_thumbnail size-woocommerce_thumbnail\" alt=\"Plaquita de Acrilico en Forma de Minnie\" srcset=\"https:\/\/jaimarstore.com\/wp-content\/uploads\/2024\/11\/JPMesa-de-trabajo-2@3x.png 540w, https:\/\/jaimarstore.com\/wp-content\/uploads\/2024\/11\/JPMesa-de-trabajo-2@3x-100x100.png 100w, https:\/\/jaimarstore.com\/wp-content\/uploads\/2024\/11\/JPMesa-de-trabajo-2@3x-120x120.png 120w, https:\/\/jaimarstore.com\/wp-content\/uploads\/2024\/11\/JPMesa-de-trabajo-2@3x-240x240.png 240w, https:\/\/jaimarstore.com\/wp-content\/uploads\/2024\/11\/JPMesa-de-trabajo-2@3x-300x300.png 300w, https:\/\/jaimarstore.com\/wp-content\/uploads\/2024\/11\/JPMesa-de-trabajo-2@3x-150x150.png 150w\" sizes=\"auto, (max-width: 540px) 100vw, 540px\" \/><h2 class=\"woocommerce-loop-product__title\">Plaquita de Acrilico en Forma de Minnie<\/h2>\n\t<span class=\"price\"><span class=\"woocommerce-Price-amount amount\" aria-hidden=\"true\"><bdi><span class=\"woocommerce-Price-currencySymbol\">B\/.<\/span>4.00<\/bdi><\/span> <span aria-hidden=\"true\">&ndash;<\/span> <span class=\"woocommerce-Price-amount amount\" aria-hidden=\"true\"><bdi><span class=\"woocommerce-Price-currencySymbol\">B\/.<\/span>6.00<\/bdi><\/span><span class=\"screen-reader-text\">Price range: B\/.4.00 through B\/.6.00<\/span><\/span>\n<\/a><a href=\"https:\/\/jaimarstore.com\/?product=plaquita-de-acrilico-en-forma-de-minnie\" aria-describedby=\"woocommerce_loop_add_to_cart_link_describedby_1376\" data-quantity=\"1\" class=\"button product_type_variable add_to_cart_button\" data-product_id=\"1376\" data-product_sku=\"\" aria-label=\"Elige las opciones para &ldquo;Plaquita de Acrilico en Forma de Minnie&rdquo;\" rel=\"nofollow\">Seleccionar opciones<\/a>\t<span id=\"woocommerce_loop_add_to_cart_link_describedby_1376\" class=\"screen-reader-text\">\n\t\tEste producto tiene m\u00faltiples variantes. Las opciones se pueden elegir en la p\u00e1gina de producto\t<\/span>\n<\/li>\n<li class=\"desktop-align-center tablet-align-left mobile-align-left product type-product post-1254 status-publish onbackorder product_cat-art-and-design product_cat-jewelry-pets product_cat-plaquitas has-post-thumbnail taxable shipping-taxable purchasable product-type-variable\">\n\t<a href=\"https:\/\/jaimarstore.com\/?product=plaquita-de-acrilico-en-forma-de-huesito\" class=\"woocommerce-LoopProduct-link woocommerce-loop-product__link\"><img loading=\"lazy\" decoding=\"async\" width=\"540\" height=\"540\" src=\"https:\/\/jaimarstore.com\/wp-content\/uploads\/2024\/11\/JPMesa-de-trabajo-1@3x.png\" class=\"attachment-woocommerce_thumbnail size-woocommerce_thumbnail\" alt=\"Plaquita de Acrilico en Forma de Huesito\" srcset=\"https:\/\/jaimarstore.com\/wp-content\/uploads\/2024\/11\/JPMesa-de-trabajo-1@3x.png 540w, https:\/\/jaimarstore.com\/wp-content\/uploads\/2024\/11\/JPMesa-de-trabajo-1@3x-100x100.png 100w, https:\/\/jaimarstore.com\/wp-content\/uploads\/2024\/11\/JPMesa-de-trabajo-1@3x-120x120.png 120w, https:\/\/jaimarstore.com\/wp-content\/uploads\/2024\/11\/JPMesa-de-trabajo-1@3x-240x240.png 240w, https:\/\/jaimarstore.com\/wp-content\/uploads\/2024\/11\/JPMesa-de-trabajo-1@3x-300x300.png 300w, https:\/\/jaimarstore.com\/wp-content\/uploads\/2024\/11\/JPMesa-de-trabajo-1@3x-150x150.png 150w\" sizes=\"auto, (max-width: 540px) 100vw, 540px\" \/><h2 class=\"woocommerce-loop-product__title\">Plaquita de Acrilico en Forma de Huesito<\/h2>\n\t<span class=\"price\"><span class=\"woocommerce-Price-amount amount\" aria-hidden=\"true\"><bdi><span class=\"woocommerce-Price-currencySymbol\">B\/.<\/span>4.00<\/bdi><\/span> <span aria-hidden=\"true\">&ndash;<\/span> <span class=\"woocommerce-Price-amount amount\" aria-hidden=\"true\"><bdi><span class=\"woocommerce-Price-currencySymbol\">B\/.<\/span>6.00<\/bdi><\/span><span class=\"screen-reader-text\">Price range: B\/.4.00 through B\/.6.00<\/span><\/span>\n<\/a><a href=\"https:\/\/jaimarstore.com\/?product=plaquita-de-acrilico-en-forma-de-huesito\" aria-describedby=\"woocommerce_loop_add_to_cart_link_describedby_1254\" data-quantity=\"1\" class=\"button product_type_variable add_to_cart_button\" data-product_id=\"1254\" data-product_sku=\"\" aria-label=\"Elige las opciones para &ldquo;Plaquita de Acrilico en Forma de Huesito&rdquo;\" rel=\"nofollow\">Seleccionar opciones<\/a>\t<span id=\"woocommerce_loop_add_to_cart_link_describedby_1254\" class=\"screen-reader-text\">\n\t\tEste producto tiene m\u00faltiples variantes. Las opciones se pueden elegir en la p\u00e1gina de producto\t<\/span>\n<\/li>\n<\/ul>\n<\/div>\n<\/div>\n<\/div>\n<\/div><\/div>\n","protected":false},"excerpt":{"rendered":"","protected":false},"author":1,"featured_media":0,"parent":802,"menu_order":0,"comment_status":"closed","ping_status":"closed","template":"","meta":{"site-sidebar-layout":"default","site-content-layout":"","ast-site-content-layout":"default","site-content-style":"default","site-sidebar-style":"default","ast-global-header-display":"","ast-banner-title-visibility":"","ast-main-header-display":"","ast-hfb-above-header-display":"","ast-hfb-below-header-display":"","ast-hfb-mobile-header-display":"","site-post-title":"","ast-breadcrumbs-content":"","ast-featured-img":"","footer-sml-layout":"","ast-disable-related-posts":"","theme-transparent-header-meta":"","adv-header-id-meta":"","stick-header-meta":"","header-above-stick-meta":"","header-main-stick-meta":"","header-below-stick-meta":"","astra-migrate-meta-layouts":"default","ast-page-background-enabled":"default","ast-page-background-meta":{"desktop":{"background-color":"var(--ast-global-color-5)","background-image":"","background-repeat":"repeat","background-position":"center center","background-size":"auto","background-attachment":"scroll","background-type":"","background-media":"","overlay-type":"","overlay-color":"","overlay-opacity":"","overlay-gradient":""},"tablet":{"background-color":"","background-image":"","background-repeat":"repeat","background-position":"center center","background-size":"auto","background-attachment":"scroll","background-type":"","background-media":"","overlay-type":"","overlay-color":"","overlay-opacity":"","overlay-gradient":""},"mobile":{"background-color":"","background-image":"","background-repeat":"repeat","background-position":"center center","background-size":"auto","background-attachment":"scroll","background-type":"","background-media":"","overlay-type":"","overlay-color":"","overlay-opacity":"","overlay-gradient":""}},"ast-content-background-meta":{"desktop":{"background-color":"var(--ast-global-color-4)","background-image":"","background-repeat":"repeat","background-position":"center center","background-size":"auto","background-attachment":"scroll","background-type":"","background-media":"","overlay-type":"","overlay-color":"","overlay-opacity":"","overlay-gradient":""},"tablet":{"background-color":"var(--ast-global-color-4)","background-image":"","background-repeat":"repeat","background-position":"center center","background-size":"auto","background-attachment":"scroll","background-type":"","background-media":"","overlay-type":"","overlay-color":"","overlay-opacity":"","overlay-gradient":""},"mobile":{"background-color":"var(--ast-global-color-4)","background-image":"","background-repeat":"repeat","background-position":"center center","background-size":"auto","background-attachment":"scroll","background-type":"","background-media":"","overlay-type":"","overlay-color":"","overlay-opacity":"","overlay-gradient":""}},"footnotes":""},"class_list":["post-1159","page","type-page","status-publish","hentry"],"_links":{"self":[{"href":"https:\/\/jaimarstore.com\/index.php?rest_route=\/wp\/v2\/pages\/1159","targetHints":{"allow":["GET"]}}],"collection":[{"href":"https:\/\/jaimarstore.com\/index.php?rest_route=\/wp\/v2\/pages"}],"about":[{"href":"https:\/\/jaimarstore.com\/index.php?rest_route=\/wp\/v2\/types\/page"}],"author":[{"embeddable":true,"href":"https:\/\/jaimarstore.com\/index.php?rest_route=\/wp\/v2\/users\/1"}],"replies":[{"embeddable":true,"href":"https:\/\/jaimarstore.com\/index.php?rest_route=%2Fwp%2Fv2%2Fcomments&post=1159"}],"version-history":[{"count":6,"href":"https:\/\/jaimarstore.com\/index.php?rest_route=\/wp\/v2\/pages\/1159\/revisions"}],"predecessor-version":[{"id":1688,"href":"https:\/\/jaimarstore.com\/index.php?rest_route=\/wp\/v2\/pages\/1159\/revisions\/1688"}],"up":[{"embeddable":true,"href":"https:\/\/jaimarstore.com\/index.php?rest_route=\/wp\/v2\/pages\/802"}],"wp:attachment":[{"href":"https:\/\/jaimarstore.com\/index.php?rest_route=%2Fwp%2Fv2%2Fmedia&parent=1159"}],"curies":[{"name":"wp","href":"https:\/\/api.w.org\/{rel}","templated":true}]}}